{"id":61,"date":"2019-12-04T21:25:23","date_gmt":"2019-12-04T20:25:23","guid":{"rendered":"http:\/\/serwer1714752.home.pl\/autoinstalator\/wordpressplugins\/?page_id=61"},"modified":"2022-11-30T07:48:19","modified_gmt":"2022-11-30T06:48:19","slug":"kontakt","status":"publish","type":"page","link":"https:\/\/aka-med.com.pl\/?page_id=61","title":{"rendered":"Kontakt"},"content":{"rendered":"<div class=\"divCnt\">\n<div class=\"divBox\">\n<h1>Sklep w Gliwicach<\/h1>\n<p>ul. Zygmunta Starego 18<br \/>\n44-100 Gliwice<br \/>\nTel. +48 691 547 779<br \/>\nTel. +48 730 820 420<br \/>\nPn-Pt 8:00-16:00, Sb 9:00-13:00<br \/>\n<a href=\"mailto:sklep@aka-med.com.pl\">sklep@aka-med.com.pl<\/a><br \/>\n<a style=\"font-weight: bold;\" href=\"?page_id=56\">Zobacz zdj\u0119cia sklepu<\/a><\/p>\n<p><iframe style=\"display: block; width: 100%; height: 300px;\" src=\"https:\/\/www.google.com\/maps\/embed?pb=!1m18!1m12!1m3!1d1274.5198708757694!2d18.658150300626613!3d50.291186017112416!2m3!1f0!2f0!3f0!3m2!1i1024!2i768!4f13.1!3m3!1m2!1s0x471131332a77fca7%3A0x599c349f82d3a117!2sAKA-MED%20Sklep%20Medyczny!5e0!3m2!1spl!2spl!4v1580152621440!5m2!1spl!2spl\" frameborder=\"0\" allowfullscreen=\"allowfullscreen\"><\/iframe><\/p>\n<\/div>\n<div class=\"divBox\">\n<h1>Sklep w \u017borach<\/h1>\n<p>ul. D\u0105browskiego 12<br \/>\n44-241 \u017bory<br \/>\nTel. +48 691 547 779<br \/>\nTel. +48 577 344 711<br \/>\nTel. +48 535 155 455<br \/>\nPn-Pt 8:00-16:00<br \/>\n<a href=\"mailto:zory@aka-med.com.pl\">zory@aka-med.com.pl<\/a><br \/>\n<a style=\"font-weight: bold;\" href=\"?page_id=56\">Zobacz zdj\u0119cia sklepu<\/a><\/p>\n<p><iframe style=\"display: block; width: 100%; height: 300px;\" src=\"https:\/\/www.google.com\/maps\/embed?pb=!1m18!1m12!1m3!1d2562.560075734048!2d18.68192332594612!3d50.03833864701303!2m3!1f0!2f0!3f0!3m2!1i1024!2i768!4f13.1!3m3!1m2!1s0x47114d29df0e6f25%3A0xce89ca13dbf5570c!2sD%C4%85browskiego%2012%2C%2044-241%20%C5%BBory!5e0!3m2!1spl!2spl!4v1580152794446!5m2!1spl!2spl\" frameborder=\"0\" allowfullscreen=\"allowfullscreen\"><\/iframe><\/p>\n<\/div>\n<div class=\"divBox\">\n<div class=\"divBox\">\n<h1><span style=\"color: revert; font-size: revert; font-weight: revert;\">Formularz kontaktowy<\/span><\/h1>\n<\/div>\n\n<div class=\"wpcf7 no-js\" id=\"wpcf7-f160-o1\" lang=\"pl-PL\" dir=\"ltr\">\n<div class=\"screen-reader-response\"><p role=\"status\" aria-live=\"polite\" aria-atomic=\"true\"><\/p> <ul><\/ul><\/div>\n<form action=\"\/index.php?rest_route=%2Fwp%2Fv2%2Fpages%2F61#wpcf7-f160-o1\" method=\"post\" class=\"wpcf7-form init\" aria-label=\"Formularz kontaktowy\" novalidate=\"novalidate\" data-status=\"init\">\n<div style=\"display: none;\">\n<input type=\"hidden\" name=\"_wpcf7\" value=\"160\" \/>\n<input type=\"hidden\" name=\"_wpcf7_version\" value=\"5.7.7\" \/>\n<input type=\"hidden\" name=\"_wpcf7_locale\" value=\"pl_PL\" \/>\n<input type=\"hidden\" name=\"_wpcf7_unit_tag\" value=\"wpcf7-f160-o1\" \/>\n<input type=\"hidden\" name=\"_wpcf7_container_post\" value=\"0\" \/>\n<input type=\"hidden\" name=\"_wpcf7_posted_data_hash\" value=\"\" \/>\n<\/div>\n<p><label> Jak si\u0119 nazywasz ? (wymagane)<br \/>\n<span class=\"wpcf7-form-control-wrap\" data-name=\"your-name\"><input size=\"40\" class=\"wpcf7-form-control wpcf7-text wpcf7-validates-as-required\" aria-required=\"true\" aria-invalid=\"false\" value=\"\" type=\"text\" name=\"your-name\" \/><\/span> <\/label>\n<\/p>\n<p><label> Tw\u00f3j adres email (wymagane)<br \/>\n<span class=\"wpcf7-form-control-wrap\" data-name=\"your-email\"><input size=\"40\" class=\"wpcf7-form-control wpcf7-text wpcf7-email wpcf7-validates-as-required wpcf7-validates-as-email\" aria-required=\"true\" aria-invalid=\"false\" value=\"\" type=\"email\" name=\"your-email\" \/><\/span> <\/label>\n<\/p>\n<p><label> Wybierz sklep, do kt\u00f3rego chcesz wys\u0142a\u0107 wiadomo\u015b\u0107<br \/>\n<span class=\"wpcf7-form-control-wrap\" data-name=\"your-recipient\"><select class=\"wpcf7-form-control wpcf7-select\" aria-invalid=\"false\" name=\"your-recipient\"><option value=\"Sklep Gliwice\">Sklep Gliwice<\/option><option value=\"Sklep \u017bory\">Sklep \u017bory<\/option><\/select><\/span><\/label>\n<\/p>\n<p><label> Tre\u015b\u0107 wiadomo\u015bci<br \/>\n<span class=\"wpcf7-form-control-wrap\" data-name=\"your-message\"><textarea cols=\"40\" rows=\"10\" class=\"wpcf7-form-control wpcf7-textarea\" aria-invalid=\"false\" name=\"your-message\"><\/textarea><\/span> <\/label>\n<\/p>\n<p><input class=\"wpcf7-form-control has-spinner wpcf7-submit\" type=\"submit\" value=\"Wy\u015blij wiadomo\u015b\u0107\" \/>\n<\/p><div class=\"wpcf7-response-output\" aria-hidden=\"true\"><\/div>\n<\/form>\n<\/div>\n\n<\/div>\n<\/div>\n<p style=\"text-align: justify; font-size: 13px; padding: 5px;\">Podaj\u0105c dane w formularzu kontaktowym traktujemy Pani\/Pana zachowanie jako wyra\u017ane dzia\u0142anie potwierdzaj\u0105ce, \u017ce wyra\u017ca nam Pani\/Pan zgod\u0119 na przetwarzanie podanych danych dla potrzeb niezb\u0119dnych do za\u0142atwienia sprawy, z kt\u00f3r\u0105 si\u0119 Pani\/Pan do nas zwraca. Pani\/Pana dane przetwarza Krystian Kachel prowadz\u0105cy dzia\u0142alno\u015b\u0107 gospodarcz\u0105 pod firm\u0105 AKA-MED Sklep Medyczny Krystian Kachel z siedzib\u0105 w Gliwicach, 44-100, przy ul. Zygmunta Starego nr 18, REGON 382022468 w celu nawi\u0105zania z Pani\u0105\/Panem kontaktu. Podanie danych jest dobrowolne, ale konieczne do tego, \u017ceby\u015bmy mogli odpowiedzie\u0107 na zapytanie.<br \/>\nWi\u0119cej informacji na temat ochrony danych osobowych znajduje si\u0119 w naszej <b><u><a href=\"?page_id=488\">Polityce prywatno\u015bci<\/a><\/u><\/b>.<\/p>\n","protected":false},"excerpt":{"rendered":"<p>Sklep w Gliwicach ul. Zygmunta Starego 18 44-100 Gliwice Tel. +48 691 547 779 Tel. +48 730 820 420 Pn-Pt 8:00-16:00, Sb 9:00-13:00 sklep@aka-med.com.pl Zobacz<\/p>\n<div class=\"read-more-wrapper\"><a class=\"link small\" href=\"https:\/\/aka-med.com.pl\/?page_id=61\" role=\"button\">Read more<span class=\"nc-icon-glyph arrows-1_bold-right\"><\/span><\/a><\/div>\n","protected":false},"author":1,"featured_media":0,"parent":0,"menu_order":0,"comment_status":"closed","ping_status":"closed","template":"","meta":{"footnotes":""},"class_list":["post-61","page","type-page","status-publish","hentry"],"_links":{"self":[{"href":"https:\/\/aka-med.com.pl\/index.php?rest_route=\/wp\/v2\/pages\/61","targetHints":{"allow":["GET"]}}],"collection":[{"href":"https:\/\/aka-med.com.pl\/index.php?rest_route=\/wp\/v2\/pages"}],"about":[{"href":"https:\/\/aka-med.com.pl\/index.php?rest_route=\/wp\/v2\/types\/page"}],"author":[{"embeddable":true,"href":"https:\/\/aka-med.com.pl\/index.php?rest_route=\/wp\/v2\/users\/1"}],"replies":[{"embeddable":true,"href":"https:\/\/aka-med.com.pl\/index.php?rest_route=%2Fwp%2Fv2%2Fcomments&post=61"}],"version-history":[{"count":37,"href":"https:\/\/aka-med.com.pl\/index.php?rest_route=\/wp\/v2\/pages\/61\/revisions"}],"predecessor-version":[{"id":606,"href":"https:\/\/aka-med.com.pl\/index.php?rest_route=\/wp\/v2\/pages\/61\/revisions\/606"}],"wp:attachment":[{"href":"https:\/\/aka-med.com.pl\/index.php?rest_route=%2Fwp%2Fv2%2Fmedia&parent=61"}],"curies":[{"name":"wp","href":"https:\/\/api.w.org\/{rel}","templated":true}]}}